{"id":1549,"date":"2023-06-06T10:29:38","date_gmt":"2023-06-06T13:29:38","guid":{"rendered":"https:\/\/www.classelocacao.com.br\/?post_type=product&#038;p=1549"},"modified":"2024-05-11T16:36:01","modified_gmt":"2024-05-11T19:36:01","slug":"geladeira-expositora-403l-220v","status":"publish","type":"product","link":"https:\/\/www.classelocacao.com.br\/loja\/produto\/geladeira-expositora-403l-220v\/","title":{"rendered":"Geladeira Expositora 403L \/ 220V"},"content":{"rendered":"","protected":false},"excerpt":{"rendered":"<h2 class=\"especificacoes--title\">Especifica\u00e7\u00f5es T\u00e9cnicas<\/h2>\n<div class=\"especificacoes--medidas\">\n<div class=\"tab-content\">\n<div id=\"externo\" class=\"tab-pane  show active\" role=\"tabpanel\" aria-labelledby=\"tabExterno\">\n<div class=\"medidas--list\">\n<div class=\"medidas--item\">\n<figure class=\"medidas--img\"><figcaption>Altura 1.890<br \/>\nLargura 67,5<br \/>\nProfundidade 62,2<br \/>\nPeso bruto 91,4 kg<\/figcaption><\/figure>\n<\/div>\n<\/div>\n<\/div>\n<\/div>\n<\/div>\n<ul class=\"especificacoes--list\">\n<li class=\"list-title\"><strong>Energia: <\/strong><span class=\"especificacoes--name\">Voltagem<\/span><span class=\"especificacoes--stat\">\u00a0220V<\/span><\/li>\n<li class=\"list-title\"><strong>Capacidade:\u00a0<\/strong><\/li>\n<li class=\"list-item\"><span class=\"especificacoes--name\">Capacidade Bruta <\/span><span class=\"especificacoes--stat\">403 L<\/span><\/li>\n<li class=\"list-item\"><span class=\"especificacoes--name\">Capacidade L\u00edquida <\/span><span class=\"especificacoes--stat\">370 L<\/span><\/li>\n<li class=\"list-title\"><strong>Faixa de Temperatura:<\/strong><\/li>\n<li class=\"list-item\"><span class=\"especificacoes--name\">Refrigerador <\/span><span class=\"especificacoes--stat\">2\u00b0C \/ 8\u00b0C<\/span><\/li>\n<li class=\"list-title\"><strong>Armazenamento :<\/strong><\/li>\n<li class=\"list-item\"><span class=\"especificacoes--name\">Latas 269 ml = <\/span><span class=\"especificacoes--stat\">504<\/span><\/li>\n<li class=\"list-item\"><span class=\"especificacoes--name\">Latas 350 ml = <\/span><span class=\"especificacoes--stat\">384<\/span><\/li>\n<li class=\"list-item\"><span class=\"especificacoes--name\">Latas 473 ml = <\/span><span class=\"especificacoes--stat\">336<\/span><\/li>\n<li class=\"list-item\"><span class=\"especificacoes--name\">Garrafas 355 ml = <\/span><span class=\"especificacoes--stat\">268<\/span><\/li>\n<li class=\"list-item\"><span class=\"especificacoes--name\">Garrafas 600 ml = <\/span><span class=\"especificacoes--stat\">140<\/span><\/li>\n<li class=\"list-item\"><span class=\"especificacoes--name\">Garrafas 1l = <\/span><span class=\"especificacoes--stat\">90<\/span><\/li>\n<li class=\"list-item\"><span class=\"especificacoes--name\">Pet 600 ml = <\/span><span class=\"especificacoes--stat\">179<\/span><\/li>\n<li class=\"list-item\"><span class=\"especificacoes--name\">Pet 2l = <\/span><span class=\"especificacoes--stat\">60<\/span><\/li>\n<li class=\"list-item\"><span class=\"especificacoes--name\">Prateleiras = <\/span><span class=\"especificacoes--stat\">3<\/span><\/li>\n<li class=\"list-title\">Peso <span class=\"especificacoes--name\">Bruto <\/span><span class=\"especificacoes--stat\">91,4 Kg<\/span><\/li>\n<li class=\"list-item\"><span class=\"especificacoes--name\">Peso L\u00edquido <\/span><span class=\"especificacoes--stat\">81,4 Kg<\/span><\/li>\n<\/ul>\n","protected":false},"featured_media":1550,"comment_status":"open","ping_status":"closed","template":"","meta":{"colormag_page_layout":"default_layout","_monsterinsights_skip_tracking":false,"_monsterinsights_sitenote_active":false,"_monsterinsights_sitenote_note":"","_monsterinsights_sitenote_category":0},"product_brand":[],"product_cat":[118],"product_tag":[],"class_list":{"0":"post-1549","1":"product","2":"type-product","3":"status-publish","4":"has-post-thumbnail","6":"product_cat-eletrodomesticos","8":"first","9":"instock","10":"shipping-taxable","11":"product-type-simple"},"aioseo_notices":[],"_links":{"self":[{"href":"https:\/\/www.classelocacao.com.br\/loja\/wp-json\/wp\/v2\/product\/1549","targetHints":{"allow":["GET"]}}],"collection":[{"href":"https:\/\/www.classelocacao.com.br\/loja\/wp-json\/wp\/v2\/product"}],"about":[{"href":"https:\/\/www.classelocacao.com.br\/loja\/wp-json\/wp\/v2\/types\/product"}],"replies":[{"embeddable":true,"href":"https:\/\/www.classelocacao.com.br\/loja\/wp-json\/wp\/v2\/comments?post=1549"}],"wp:featuredmedia":[{"embeddable":true,"href":"https:\/\/www.classelocacao.com.br\/loja\/wp-json\/wp\/v2\/media\/1550"}],"wp:attachment":[{"href":"https:\/\/www.classelocacao.com.br\/loja\/wp-json\/wp\/v2\/media?parent=1549"}],"wp:term":[{"taxonomy":"product_brand","embeddable":true,"href":"https:\/\/www.classelocacao.com.br\/loja\/wp-json\/wp\/v2\/product_brand?post=1549"},{"taxonomy":"product_cat","embeddable":true,"href":"https:\/\/www.classelocacao.com.br\/loja\/wp-json\/wp\/v2\/product_cat?post=1549"},{"taxonomy":"product_tag","embeddable":true,"href":"https:\/\/www.classelocacao.com.br\/loja\/wp-json\/wp\/v2\/product_tag?post=1549"}],"curies":[{"name":"wp","href":"https:\/\/api.w.org\/{rel}","templated":true}]}}