{"id":255,"date":"2020-11-25T17:10:59","date_gmt":"2020-11-25T19:10:59","guid":{"rendered":"https:\/\/temporario.agenciasense.com.br\/projetos\/classe\/produto\/import-placeholder-for-363\/"},"modified":"2020-11-25T17:11:07","modified_gmt":"2020-11-25T19:11:07","slug":"cooktop-2-bocas-eletrico-inducao","status":"publish","type":"product","link":"https:\/\/www.classelocacao.com.br\/loja\/produto\/cooktop-2-bocas-eletrico-inducao\/","title":{"rendered":"Cooktop 2 Bocas El\u00e9trico Indu\u00e7\u00e3o"},"content":{"rendered":"","protected":false},"excerpt":{"rendered":"<div class=\"views-field views-field-entity-id\">\n<div class=\"field-content\">Seus bot\u00f5es s\u00e3o touch e&#8230;<\/div>\n<\/div>\n<div class=\"views-field views-field-model\"><span class=\"views-label views-label-model\">C\u00f3d:\u00a0<\/span><span class=\"field-content\">21005-60<\/span><\/div>\n","protected":false},"featured_media":285,"comment_status":"open","ping_status":"closed","template":"","meta":{"colormag_page_layout":"default_layout","_monsterinsights_skip_tracking":false,"_monsterinsights_sitenote_active":false,"_monsterinsights_sitenote_note":"","_monsterinsights_sitenote_category":0},"product_brand":[],"product_cat":[118],"product_tag":[132],"class_list":{"0":"post-255","1":"product","2":"type-product","3":"status-publish","4":"has-post-thumbnail","6":"product_cat-eletrodomesticos","7":"product_tag-cooktop-2-bocas-eletrico-inducao","9":"first","10":"instock","11":"shipping-taxable","12":"product-type-simple"},"aioseo_notices":[],"_links":{"self":[{"href":"https:\/\/www.classelocacao.com.br\/loja\/wp-json\/wp\/v2\/product\/255","targetHints":{"allow":["GET"]}}],"collection":[{"href":"https:\/\/www.classelocacao.com.br\/loja\/wp-json\/wp\/v2\/product"}],"about":[{"href":"https:\/\/www.classelocacao.com.br\/loja\/wp-json\/wp\/v2\/types\/product"}],"replies":[{"embeddable":true,"href":"https:\/\/www.classelocacao.com.br\/loja\/wp-json\/wp\/v2\/comments?post=255"}],"wp:featuredmedia":[{"embeddable":true,"href":"https:\/\/www.classelocacao.com.br\/loja\/wp-json\/wp\/v2\/media\/285"}],"wp:attachment":[{"href":"https:\/\/www.classelocacao.com.br\/loja\/wp-json\/wp\/v2\/media?parent=255"}],"wp:term":[{"taxonomy":"product_brand","embeddable":true,"href":"https:\/\/www.classelocacao.com.br\/loja\/wp-json\/wp\/v2\/product_brand?post=255"},{"taxonomy":"product_cat","embeddable":true,"href":"https:\/\/www.classelocacao.com.br\/loja\/wp-json\/wp\/v2\/product_cat?post=255"},{"taxonomy":"product_tag","embeddable":true,"href":"https:\/\/www.classelocacao.com.br\/loja\/wp-json\/wp\/v2\/product_tag?post=255"}],"curies":[{"name":"wp","href":"https:\/\/api.w.org\/{rel}","templated":true}]}}